 82217
List the prime factors of 447112.
2, 55889
List the prime factors of 14156219.
7, 11, 157, 1171
List the prime factors of 234873.
3, 8699
List the prime factors of 127017.
3, 11, 1283
What are the prime factors of 204265?
5, 40853
List the prime factors of 4173041.
17, 245473
List the prime factors of 65322.
2, 3, 19, 191
List the prime factors of 16883722.
2, 79, 106859
What are the prime factors of 197863?
17, 103, 113
List the prime factors of 2757099.
3, 919033
List the prime factors of 4504752.
2, 3, 7, 41, 109
What are the prime factors of 342515?
5, 61, 1123
What are the prime factors of 2524087?
2524087
What are the prime factors of 157727?
41, 3847
List the prime factors of 241631.
13, 18587
What are the prime factors of 669735?
3, 5, 11, 41
List the prime factors of 212053.
53, 4001
List the prime factors of 644614.
2, 31, 37, 281
List the prime factors of 821639.
7, 13, 9029
What are the prime factors of 25439815?
5, 29, 175447
What are the prime factors of 3733828?
2, 7, 133351
What are the prime factors of 7278795?
3, 5, 53917
What are the prime factors of 1382674?
2, 691337
List the prime factors of 14863673.
11, 1351243
List the prime factors of 1045437.
3, 19, 18341
What are the prime factors of 7665250?
2, 5, 30661
List the prime factors of 772398.
2, 3, 11, 47, 83
What are the prime factors of 2774354?
2, 11, 126107
What are the prime factors of 1164046?
2, 13, 44771
List the prime factors of 4323265.
5, 37, 23369
List the prime factors of 1286860.
2, 5, 37, 47
What are the prime factors of 169234?
2, 13, 23, 283
What are the prime factors of 209074?
2, 104537
List the prime factors of 1085783.
593, 1831
List the prime factors of 6039.
3, 11, 61
What are the prime factors of 7537841?
7537841
List the prime factors of 2111047.
167, 12641
List the prime factors of 7489738.
2, 3744869
What are the prime factors of 9246253?
23, 73, 5507
What are the prime factors of 4767787?
67, 71161
List the prime factors of 5609014.
2, 17, 199, 829
What are the prime factors of 1533213?
3, 11, 17, 911
List the prime factors of 84948.
2, 3, 7079
List the prime factors of 12786136.
2, 11, 31, 43, 109
What are the prime factors of 20399117?
53, 384889
List the prime factors of 667482.
2, 3, 53, 2099
List the prime factors of 101910.
2, 3, 5, 43, 79
List the prime factors of 4065081.
3, 311, 4357
List the prime factors of 2924504.
2, 11, 167, 199
What are the prime factors of 939091?
939091
List the prime factors of 35551042.
2, 29, 131, 4679
List the prime factors of 306626.
2, 153313
What are the prime factors of 203044?
2, 23, 2207
What are the prime factors of 14858880?
2, 3, 5, 71, 109
What are the prime factors of 1377721?
67, 20563
What are the prime factors of 339538?
2, 169769
What are the prime factors of 2588713?
47, 55079
What are the prime factors of 498924?
2, 3, 13859
What are the prime factors of 901007?
901007
List the prime factors of 1743729.
3, 13, 44711
List the prime factors of 389188.
2, 149, 653
What are the prime factors of 11822383?
2221, 5323
What are the prime factors of 95358?
2, 3, 23, 691
What are the prime factors of 433886?
2, 59, 3677
List the prime factors of 739188.
2, 3, 20533
List the prime factors of 258961.
17, 15233
What are the prime factors of 21994129?
109, 201781
List the prime factors of 2833787.
11, 73, 3529
What are the prime factors of 60086?
2, 13, 2311
List the prime factors of 122594.
2, 61297
What are the prime factors of 1237099?
457, 2707
What are the prime factors of 625648?
2, 39103
What are the prime factors of 4310632?
2, 538829
List the prime factors of 261194.
2, 73, 1789
List the prime factors of 1207354.
2, 43, 101, 139
List the prime factors of 659356.
2, 164839
List the prime factors of 644761.
13, 49597
What are the prime factors of 12243432?
2, 3, 61, 8363
List the prime factors of 332511.
3, 23, 61, 79
What are the prime factors of 23093908?
2, 5773477
List the prime factors of 6242350.
2, 5, 124847
What are the prime factors of 11922686?
2, 5961343
List the prime factors of 2805333.
3, 23, 109, 373
List the prime factors of 9088006.
2, 59, 77017
What are the prime factors of 193359?
3, 64453
What are the prime factors of 12962975?
5, 73, 7103
What are the prime factors of 2327441?
2327441
What are the prime factors of 753269?
11, 31, 47
List the prime factors of 818244.
2, 3, 7, 17, 191
List the prime factors of 649592.
2, 81199
What are the prime factors of 1040932?
2, 433, 601
List the prime factors of 6659494.
2, 3329747
What are the prime factors of 322536?
2, 3, 89, 151
List the prime factors of 211814.
2, 105907
List the prime factors of 833159.
421, 1979
List the prime factors of 683760.
2, 3, 5, 7, 11, 37
List the prime factors of 416682.
2, 3, 7, 3307
List the prime factors of 361817.
19, 137, 139
What are the prime factors of 14073638?
2, 7036819
List the prime factors of 2186147.
307, 7121
What are the prime factors of 1261177?
1261177
What are the prime factors of 65687?
65687
List the prime factors of 5530502.
2, 2765251
List the prime factors of 4679107.
4679107
What are the prime factors of 4188071?
43, 97397
What are the prime factors of 145457?
13, 67, 167
What are the prime factors of 1108978?
2, 13, 17, 193
List the prime factors of 257752.
2, 11, 29, 101
What are the prime factors of 1942736?
2, 121421
What are the prime factors of 1417950?
2, 3, 5, 23, 137
List the prime factors of 23236014.
2, 3, 3872669
List the prime factors of 429450.
2, 3, 5, 7, 409
What are the prime factors of 616351?
71, 8681
What are the prime factors of 234661?
7, 4789
List the prime factors of 788069.
17, 151, 307
What are the prime factors of 34381372?
2, 139, 61837
What are the prime factors of 93788?
2, 23447
List the prime factors of 2473468.
2, 29, 21323
What are the prime factors of 13892912?
2, 11, 193, 409
List the prime factors of 2227817.
41, 67, 811
What are the prime factors of 34174840?
2, 5, 7, 122053
What are the prime factors of 18682582?
2, 9341291
List the prime factors of 141321.
3, 17, 163
What are the prime factors of 1220793?
3, 7, 61, 953
List the prime factors of 1326235.
5, 265247
List the prime factors of 55638.
2, 3, 11, 281
List the prime factors of 1642316.
2, 13, 31583
List the prime factors of 3119540.
2, 5, 61, 2557
List the prime factors of 8375313.
3, 199, 14029
List the prime factors of 53394.
2, 3, 11, 809
What are the prime factors of 315460?
2, 5, 15773
List the prime factors of 128013.
3, 71, 601
What are the prime factors of 13613570?
2, 5, 1361357
List the prime factors of 2817835.
5, 17, 33151
What are the prime factors of 505869?
3, 7, 13, 17, 109
What are the prime factors of 60344?
2, 19, 397
List the prime factors of 93900.
2, 3, 5, 313
List the prime factors of 640103.
97, 6599
What are the prime factors of 1475012?
2, 7, 11, 4789
What are the prime factors of 2532733?
7, 181, 1999
What are the prime factors of 5503569?
3, 1834523
List the prime factors of 479472.
2, 3, 7, 1427
What are the prime factors of 409468?
2, 102367
List the prime factors of 459412.
2, 43, 2671
List the prime factors of 1917239.
1917239
What are the prime factors of 5307950?
2, 5, 53, 2003
List the prime factors of 235498.
2, 73, 1613
List the prime factors of 256517.
256517
List the prime factors of 260797.
17, 23, 29
List the prime factors of 478746.
2, 3, 26597
What are the prime factors of 159264?
2, 3, 7, 79
What are the prime factors of 110833?
137, 809
What are the prime factors of 1169222?
2, 19, 29, 1061
List the prime factors of 332560.
2, 5, 4157
What are the prime factors of 20981802?
2, 3, 193, 18119
List the prime factors of 273116.
2, 68279
List the prime factors of 14768740.
2, 5, 7, 105491
What are the prime factors of 953846?
2, 79, 6037
List the prime factors of 304439.
304439
What are the prime factors of 721861?
7, 103123
List the prime factors of 362540.
2, 5, 18127
What are the prime factors of 628203?
3, 209401
List the prime factors of 1543034.
2, 771517
What are the prime factors of 4927090?
2, 5, 7, 59, 1193
List the prime factors of 308932.
2, 13, 457
What are the prime factors of 5618537?
5618537
What are the prime factors of 127751?
13, 31, 317
List the prime factors of 6495902.
2, 7, 463993
What are the prime factors 